 - 2*j. Suppose u = b*z - 5*z. What is the units digit of z?
6
Let a = -59 + 98. Suppose 4*h - h - a = 0. What is the units digit of h?
3
Let v(g) = 5*g - 1. Suppose c = -d + 5, 3*c + 24 = 7*c + 5*d. Let l be v(c). Suppose -64 = -7*z + l*z + 5*n, 4*z - 80 = 4*n. What is the tens digit of z?
1
Let a(o) be the first derivative of o**3 - 11*o**2 - 13*o + 24. What is the tens digit of a(11)?
0
Suppose 0 = -4*h - 28 + 72. Let s(y) = -y**2 + 12*y - 8. Let d be s(h). What is the tens digit of -36*2/(-3) + d?
2
Suppose 5*m - 3*i - 2377 = 0, -1429 = -5*m + 2*m - i. Suppose 0 = 3*v + 4*v - m. What is the tens digit of v?
6
Suppose 0*w = w - 55. Suppose 3*j + 2*i = j + 70, -2*j - 4*i = -66. Let m = w - j. What is the units digit of m?
8
Suppose -2*v + 6 = 0, 3*u + 5*v = 4*u - 127. What is the units digit of u?
2
Let z(j) = 5*j**3 - 6*j**2 + 2*j - 11. What is the hundreds digit of z(5)?
4
Let c(u) be the third derivative of -u**4/6 + 7*u**3/6 - 3*u**2. Suppose -m + 6 = -3*m, -f - 4*m - 17 = 0. What is the tens digit of c(f)?
2
Suppose -2*a - 10 = -4*a, 4*a = -3*x + 302. Let l = x + -45. What is the tens digit of 1701/l - (-4)/14?
3
Let p be 4 + -1*(-1)/(-1). Suppose -2*i = -7*i + 4*t + 217, -p*i + 3*t = -132. Suppose 3*q = 112 + i. What is the units digit of q?
1
Let r = 16 + -32. Let c(n) = 15*n + 16. Let x(b) = -74*b - 80. Let d(a) = r*c(a) - 3*x(a). What is the units digit of d(-5)?
4
Let i(b) = 5*b**2 + 3*b - 4. Let m be i(-4). Suppose 110 = -x - m. What is the units digit of 3*(-1)/(9/x)?
8
Let y(x) = 65*x + 1. What is the tens digit of y(4)?
6
Let d(q) = -q**2 - 3*q + 5. Let j be d(3). Let w(l) = -l**3 - 12*l**2 + 7*l + 1. What is the tens digit of w(j)?
7
Let g(t) = 2*t**2 - 17*t + 16. Let u be g(7). What is the units digit of (-5)/(125/(-1940)) - 2/u?
8
Let w(o) = 12*o - 9. Let i = -30 - -59. Let z = -23 + i. What is the tens digit of w(z)?
6
Suppose -3*k - f - 3 + 0 = 0, -2*f = -3*k + 6. Let m = -64 + 69. Suppose k = -4*b + c + 41, -5*c = -m*b + 2*b + 52. What is the units digit of b?
9
Let w(a) = 4*a - 18. Let p be w(25). Let q = -53 + p. What is the tens digit of q?
2
Suppose 0 = -3*q - 137 + 29. Let j be 1/(-3*1/q). Suppose 5*s + 5*t - 60 = -0, j = s - 3*t. What is the tens digit of s?
1
Let n be 2453/55 - 6/10. Let x = -39 + n. What is the units digit of x?
5
Suppose 2*o + 10 = 0, -3*l + 8*o + 9596 = 7*o. What is the thousands digit of l?
3
Let h = -4 + 2. What is the tens digit of (-1 - 6/h) + 46?
4
Suppose 3*h - 5*s - 882 = 0, 3*h - 11*s - 891 = -9*s. What is the units digit of h?
9
What is the units digit of 2938/12 - 28/(-168)?
5
Let w(t) = -15*t + 196. What is the units digit of w(-27)?
1
Suppose -102 = -0*j - j. What is the units digit of j?
2
What is the tens digit of -2 + (-685)/(-45) + 4/(-18)?
1
Suppose 4*y - 3 + 11 = 0. What is the tens digit of 15/((1/y)/((-22)/4))?
6
Let i(d) = -d**2 + d - 6. Let z be i(-5). Let u(m) = -18*m - 14. Let n be u(-4). Let f = z + n. What is the units digit of f?
2
Let y be 5710/25 + 2/(-5). Let l = y - 117. What is the hundreds digit of l?
1
Suppose -6*y + 0*y + 930 = 0. Suppose -f + 4*k + y = 0, f + 4*k - k - 120 = 0. What is the tens digit of f?
3
Let h be (-6 - -4) + (-1 - -7). Suppose -5*v = -h*z + 27, z + v = -z + 17. Suppose -z = -2*w + 20. What is the units digit of w?
4
Let o be (-7 + 41)*(-5)/(-2). Let z = -37 + o. What is the units digit of z?
8
Suppose x + 2 = 0, -3*r = -4*r - 4*x + 1963. What is the tens digit of r?
7
Let j be (-21)/(-7) - (-1 - 121). Let a = j - 48. What is the tens digit of a?
7
Let h(n) = 3*n**3 + 21*n**2 - 169*n. What is the units digit of h(6)?
0
Suppose -7*w + 3*w = 1328. What is the hundreds digit of w/(-2) - (17 - 18)?
1
Suppose -101*p + 106*p = 20. What is the units digit of 148 + (16/4 - p)?
8
Suppose -1 + 7 = 2*h. Let t(y) = -9*y**2 + 2 + 2*y**3 + 0*y**3 - 10*y - 3 - 3*y**h. What is the units digit of t(-8)?
5
Suppose -4*r = -2*r - 40. Suppose -r = -x + 4*k, -3*k = k + 16. Suppose -2*l = -x*o + 56, -70 = -5*o + 6*l - 3*l. What is the tens digit of o?
1
Suppose 5 - 1 = q, -60 = 4*m - q. What is the units digit of (-2)/2 - 952/m?
7
Let d = 34 - 42. What is the tens digit of 111*1/(-6)*d?
4
Suppose 3*t - 10 + 4 = 0. What is the tens digit of t/12 - (-385)/30?
1
Suppose -2*p = -4*s + 158, 0 = -2*s - s - p + 116. Suppose -374 = -7*q + s. What is the units digit of q?
9
Let w(m) = -m**3 - 14*m**2 - 129*m - 5. What is the hundreds digit of w(-8)?
6
Suppose 0 = -6*i - 38*i + 11088. What is the tens digit of i?
5
Suppose -3*k - p - 2194 = -7227, 5*k - p = 8399. What is the thousands digit of k?
1
Suppose 0 = 2*n + 2*z + 172, 0 = 2*n - z + 2*z + 168. Let g = -30 - n. What is the tens digit of g?
5
Let c(j) = -j**3 - 7*j**2 + 9*j + 8. Let t be c(-8). Suppose t = -7*s + 4*s. Suppose s = 4*r - 23 - 109. What is the units digit of r?
3
Suppose 3*u = -15, -3*o + 6*o = 5*u + 19. What is the units digit of o/6 + (-354)/(-9)?
9
Let a be (92/(-8) - 1)*(-312)/10. Suppose -5*y + a = -0*y. What is the units digit of y?
8
Let n be 14/21 - 292/6. Let l = -17 - n. What is the units digit of (-2 + 1)/(-1)*l?
1
Suppose 2*z + k = 163, 2*z + 0*k = 2*k + 154. Suppose -3*c = j - 0*j - 70, -4*j + z = 4*c. What is the units digit of c?
5
Suppose 4*i - 3*i - 287 = 0. What is the units digit of i?
7
What is the tens digit of 2/4*(-12)/(-2) + 1572?
7
Let h(o) be the third derivative of o**5/60 - 5*o**4/24 - 4*o**3/3 - o**2. Let x be h(10). Let w = 87 - x. What is the units digit of w?
5
Let l(u) = -154*u + 93. What is the units digit of l(-3)?
5
Suppose d - 3*d = 144. Let z = d + 73. What is the units digit of z?
1
Suppose 1614 = -3*w + 9*w. What is the units digit of w?
9
Suppose -5*r = -15 - 5. Suppose -8*g = -6*g + r. Let h = 18 + g. What is the tens digit of h?
1
Let p = 1 - -1. Let r(a) = 12 - 26 + 16 + 17*a. What is the tens digit of r(p)?
3
What is the units digit of 516 - (0 - -1) - (-792)/(-264)?
2
Let d(q) = 3*q**2 + 2*q + 3. Let h be d(-1). Let a(f) = 2*f**2 + f - 19. What is the tens digit of a(h)?
1
Suppose 9*c - 4329 = 324. What is the units digit of c?
7
Suppose 309 = -5*u - 5*c + 14004, -5*c - 13655 = -5*u. What is the tens digit of u?
3
What is the thousands digit of ((-2)/(-4))/((-10)/(-76720))?
3
Let s be (1 - -2) + (2 - -13). What is the units digit of ((-60)/s)/((-1)/30)?
0
Let r be (6 - 17)*(2 - (1 + 2)). Let i(q) = -q**3 + 10*q**2 + 14*q + 10. What is the tens digit of i(r)?
4
Let a(c) = c**2 - 6*c + 5. Let t be a(6). Suppose -55 = -t*v + 75. Suppose n - v = -0*n. What is the units digit of n?
6
Suppose 3*v = -3*j + 231, -v - 644 = -5*j - 253. Suppose -t = l - j, -160 = -l - l - t. What is the units digit of l?
2
Suppose 2*x - 5*c = -4*c - 493, 2*c = x + 254. What is the units digit of x/(-10) - 2/5?
4
Let a = 611 - 127. What is the tens digit of a?
8
Let o(g) = 2*g**2 - 2. Let i(l) = -6*l**2 + 6. Let w(k) = 2*i(k) + 7*o(k). Let j be w(3). Let r = j - -18. What is the units digit of r?
4
Let y(h) = h**3 + 11*h**2 - 16*h - 37. Suppose -271 + 103 = 14*v. What is the units digit of y(v)?
1
Suppose 3*l - 4*j + 3193 = 14909, 2*l = -j + 7829. What is the hundreds digit of l?
9
What is the tens digit of 2862/53*116/6?
4
Suppose 4*r - 9 = 87. Let w be (-9)/(-6)*r/9. Suppose 2*b - 2 = 0, 4*n - 14 = w*b - 2. What is the units digit of n?
4
Let q = -21 + 23. Suppose a = q*a - 12. Let m = a - 0. What is the tens digit of m?
1
Suppose 0 = -p + 2*s + 1353, 5*p - 6726 = -23*s + 20*s. What is the units digit of p?
7
Suppose q = 2*q - 173. What is the tens digit of q?
7
Suppose -4*j + 7*j = 0. What is the units digit of j/6 + 28 + -2?
6
Let f be (0 - 4) + 1/1. Let m be -2 + (2 - f) + 8. Let y = 25 - m. What is the tens digit of y?
1
Suppose -4*q + 59 = -61. Let k(c) = c**2 + 9*c + 3. Let h be k(-4). Let i = q + h. What is the units digit of i?
3
Let v(a) be the third derivative of a**5/15 - a**4/8 - a**3/2 + a**2. Let d = -44 - -41. What is the units digit of v(d)?
2
Let y(f) = 24*f - 6. Let n be (-14)/(-5) + 1/5. What is the tens digit of y(n)?
6
Let m(y) be the second derivative of 2*y**4 - y**3/6 + 3*y**2 + 5*y + 6. What is the units digit of m(-3)?
5
Suppose 4*x = -2*u + 4374, u + 18*x - 22*x = 2193. What is the units digit of u?
9
What is the hundreds digit of 118008/30 - (-10)/(-2